ors of 114.
2, 3, 19
What are the prime factors of 2036?
2, 509
List the prime factors of 18391.
53, 347
List the prime factors of 51961.
7, 13, 571
List the prime factors of 1096.
2, 137
What are the prime factors of 1138?
2, 569
List the prime factors of 14815.
5, 2963
What are the prime factors of 18078?
2, 3, 23, 131
List the prime factors of 92.
2, 23
What are the prime factors of 37660?
2, 5, 7, 269
What are the prime factors of 66625?
5, 13, 41
List the prime factors of 11246.
2, 5623
List the prime factors of 84483.
3, 7, 149
List the prime factors of 490.
2, 5, 7
What are the prime factors of 5061?
3, 7, 241
What are the prime factors of 7452?
2, 3, 23
What are the prime factors of 8460?
2, 3, 5, 47
List the prime factors of 43661.
43661
List the prime factors of 22457.
17, 1321
What are the prime factors of 1312?
2, 41
List the prime factors of 8049.
3, 2683
List the prime factors of 5172.
2, 3, 431
What are the prime factors of 7385?
5, 7, 211
List the prime factors of 1982.
2, 991
What are the prime factors of 7563?
3, 2521
List the prime factors of 71682.
2, 3, 13, 919
What are the prime factors of 404?
2, 101
What are the prime factors of 2145?
3, 5, 11, 13
What are the prime factors of 4342?
2, 13, 167
List the prime factors of 12003.
3, 4001
What are the prime factors of 49972?
2, 13, 31
What are the prime factors of 250?
2, 5
List the prime factors of 73807.
23, 3209
List the prime factors of 27035.
5, 5407
List the prime factors of 395.
5, 79
List the prime factors of 10728.
2, 3, 149
What are the prime factors of 83755?
5, 7, 2393
What are the prime factors of 7160?
2, 5, 179
What are the prime factors of 4849?
13, 373
List the prime factors of 141691.
11, 1171
List the prime factors of 148800.
2, 3, 5, 31
List the prime factors of 119380.
2, 5, 47, 127
What are the prime factors of 23317?
7, 3331
List the prime factors of 312.
2, 3, 13
List the prime factors of 6937.
7, 991
What are the prime factors of 27157?
13, 2089
What are the prime factors of 1538?
2, 769
What are the prime factors of 8019?
3, 11
What are the prime factors of 577?
577
What are the prime factors of 172609?
101, 1709
What are the prime factors of 23463?
3, 11, 79
List the prime factors of 174.
2, 3, 29
List the prime factors of 2512.
2, 157
What are the prime factors of 5199?
3, 1733
List the prime factors of 2558.
2, 1279
What are the prime factors of 1117?
1117
What are the prime factors of 8336?
2, 521
What are the prime factors of 18396?
2, 3, 7, 73
What are the prime factors of 81570?
2, 3, 5, 2719
What are the prime factors of 1315?
5, 263
What are the prime factors of 32376?
2, 3, 19, 71
List the prime factors of 3239.
41, 79
List the prime factors of 55380.
2, 3, 5, 13, 71
What are the prime factors of 1536?
2, 3
What are the prime factors of 131461?
11, 17, 19, 37
What are the prime factors of 476?
2, 7, 17
List the prime factors of 16140.
2, 3, 5, 269
What are the prime factors of 908?
2, 227
List the prime factors of 94328.
2, 13, 907
What are the prime factors of 2131?
2131
List the prime factors of 4007.
4007
What are the prime factors of 42732?
2, 3, 1187
List the prime factors of 1580.
2, 5, 79
What are the prime factors of 14763?
3, 7, 19, 37
List the prime factors of 939.
3, 313
What are the prime factors of 100219?
7, 103, 139
List the prime factors of 4052.
2, 1013
What are the prime factors of 48865?
5, 29, 337
List the prime factors of 9546.
2, 3, 37, 43
What are the prime factors of 32108?
2, 23, 349
List the prime factors of 66854.
2, 33427
List the prime factors of 30063.
3, 11, 911
What are the prime factors of 124?
2, 31
What are the prime factors of 364?
2, 7, 13
List the prime factors of 89566.
2, 19, 2357
What are the prime factors of 20868?
2, 3, 37, 47
What are the prime factors of 32507?
32507
What are the prime factors of 23144?
2, 11, 263
What are the prime factors of 7584?
2, 3, 79
List the prime factors of 341.
11, 31
What are the prime factors of 3637?
3637
What are the prime factors of 7128?
2, 3, 11
List the prime factors of 2588.
2, 647
List the prime factors of 3115.
5, 7, 89
List the prime factors of 47850.
2, 3, 5, 11, 29
List the prime factors of 19785.
3, 5, 1319
What are the prime factors of 727?
727
List the prime factors of 4953.
3, 13, 127
What are the prime factors of 871?
13, 67
What are the prime factors of 2367?
3, 263
What are the prime factors of 2697?
3, 29, 31
What are the prime factors of 31245?
3, 5, 2083
What are the prime factors of 12644?
2, 29, 109
List the prime factors of 36858.
2, 3, 6143
What are the prime factors of 970?
2, 5, 97
List the prime factors of 977.
977
List the prime factors of 49399.
7, 7057
List the prime factors of 36278.
2, 11, 17, 97
List the prime factors of 2197.
13
What are the prime factors of 4958?
2, 37, 67
What are the prime factors of 80162?
2, 149, 269
List the prime factors of 19242.
2, 3, 1069
What are the prime factors of 2377?
2377
List the prime factors of 33893.
33893
What are the prime factors of 13790?
2, 5, 7, 197
List the prime factors of 5269.
11, 479
List the prime factors of 1937.
13, 149
List the prime factors of 3113.
11, 283
List the prime factors of 715.
5, 11, 13
What are the prime factors of 1593?
3, 59
List the prime factors of 42819.
3, 7, 2039
What are the prime factors of 3152?
2, 197
List the prime factors of 49161.
3, 7, 2341
List the prime factors of 4730.
2, 5, 11, 43
What are the prime factors of 30514?
2, 11, 19, 73
List the prime factors of 1901.
1901
What are the prime factors of 246?
2, 3, 41
List the prime factors of 31619.
7, 4517
What are the prime factors of 3870?
2, 3, 5, 43
List the prime factors of 377.
13, 29
What are the prime factors of 4518?
2, 3, 251
List the prime factors of 983.
983
List the prime factors of 582.
2, 3, 97
List the prime factors of 782.
2, 17, 23
List the prime factors of 61756.
2, 15439
List the prime factors of 4971.
3, 1657
What are the prime factors of 63237?
3, 107, 197
List the prime factors of 11480.
2, 5, 7, 41
What are the prime factors of 1631?
7, 233
What are the prime factors of 12230?
2, 5, 1223
List the prime factors of 22151.
17, 1303
List the prime factors of 298.
2, 149
List the prime factors of 6255.
3, 5, 139
List the prime factors of 1006.
2, 503
List the prime factors of 38862.
2, 3, 17, 127
List the prime factors of 5014.
2, 23, 109
What are the prime factors of 57951?
3, 47, 137
List the prime factors of 19388.
2, 37, 131
What are the prime factors of 47529?
3, 5281
What are the prime factors of 1854?
2, 3, 103
List the prime factors of 6897.
3, 11, 19
What are the prime factors of 32?
2
What are the prime factors of 13312?
2, 13
What are the prime factors of 1369?
37
List the prime factors of 4163.
23, 181
List the prime factors of 24050.
2, 5, 13, 37
What are the prime factors of 25?
5
What are the prime factors of 30483?
3, 1129
What are the prime factors of 641?
641
What are the prime factors of 8443?
8443
What are the prime factors of 1219?
23, 53
List the prime factors of 6780.
2, 3, 5, 113
List the prime factors of 46416.
2, 3, 967
What are the prime factors of 26675?
5, 11, 97
List the prime factors of 798.
2, 3, 7, 19
List the prime factors of 427.
7, 61
What are the prime factors of 49424?
2, 3089
What are the prime factors of 630?
2, 3, 5, 7
What are the prime factors of 10740?
2, 3, 5, 179
What are the prime factors of 6865?
5, 1373
List the prime factors of 179619.
3, 11, 5443
What are the prime factors of 20084?
2, 5021
List the prime factors of 23382.
2, 3, 433
What are the prime factors of 14694?
2, 3, 31, 79
What are the prime factors of 32868?
2, 3, 11, 83
What are the prime factors of 3291?
3, 1097
List the prime factors of 4554.
2, 3, 11, 23
What are the prime factors of 14881?
23, 647
What are the prime factors of 81?
3
What are the prime factors of 573?
3, 191
What are the prime factors of 89392?
2, 37, 151
What are the prime factors of 52896?
2, 3, 19, 29
What are the prime factors of 14636?
2, 3659
What are the prime factors of 63434?
2, 7, 23, 197
What are the prime factors of 368?
2, 23
What are the prime factors of 393?
3, 131
List the prime factors of 1745.
5, 349
What are the prime factors of 776?
2, 97
List the prime factors of 70624.
2, 2207
